{"id":2190,"date":"2014-05-29T17:52:13","date_gmt":"2014-05-29T16:52:13","guid":{"rendered":"http:\/\/preview.ait-themes.club\/theme\/anchor\/?page_id=2190"},"modified":"2024-12-22T20:04:19","modified_gmt":"2024-12-22T19:04:19","slug":"homepage","status":"publish","type":"page","link":"https:\/\/www.altenau.info\/","title":{"rendered":"Home Page"},"content":{"rendered":"<h1>Willkommen im idyllischen Urlaubsort im Herzen des Harzes.<\/h1>\n<p>Hier erwartet Sie ein unvergessliches Erlebnis voller Entspannung, Erholung und Attraktionen. Tauchen Sie ein in die malerische Landschaft des Harzes und lassen Sie sich von der frischen Luft und den zahlreichen Aktivit\u00e4ten begeistern. Ob Sie wandern, radfahren oder schwimmen m\u00f6chten &#8211; in Altenau finden Sie alles, was das Herz begehrt.<\/p>\n<p>Besonders bekannt ist Altenau f\u00fcr seine vielen Wandertouren, die seit Jahren G\u00e4ste aus Nah und Fern anziehen. Genauso gut haben es die Mountainbiker und Radfahrer, der Harz ist das gr\u00f6\u00dfte Bike-Paradies im Norden. Entdecken Sie in Altenau die einzige Oberharzer Brauerei bei einer Verkostung, besuchen Sie die ans\u00e4ssigen Kunsthandwerker bei ihrer Arbeit und lassen Sie sich im Thermalbad und Wellness-Zentrum verw\u00f6hnen.<\/p>\n<p>Im Winter sind zudem die Wintersportfreunde, Langl\u00e4ufer und Rodelliebhaber bestens in Altenau aufgehoben. Verschiedene Abfahrten, Rodelstrecken und viele Langlauf-Loipen stehen zur Auswahl.<\/p>\n<p>Auch kulturell hat Altenau einiges zu bieten: Besuchen Sie das Heimatmuseum, das das Leben der Bergleute im Harz eindrucksvoll dokumentiert, oder genie\u00dfen Sie eine der vielen Veranstaltungen.<\/p>\n<p>Und wenn Sie hungrig werden, k\u00f6nnen Sie sich in einem der zahlreichen Restaurants und Caf\u00e9s mit regionalen Spezialit\u00e4ten verw\u00f6hnen lassen.<\/p>\n<p>Erleben Sie selbst, was Altenau im Harz zu bieten hat und g\u00f6nnen Sie sich eine Auszeit vom Alltag!<\/p>\n<p>F\u00fcr aktuelle Informationen besuchen Sie unseren <a href=\"https:\/\/www.facebook.com\/groups\/altenau\" target=\"_blank\" rel=\"noopener\">Facebook-Account<\/a>.<\/p>\n","protected":false},"excerpt":{"rendered":"<p>Willkommen im idyllischen Urlaubsort im Herzen des Harzes. Hier erwartet Sie ein unvergessliches Erlebnis voller Entspannung, Erholung und Attraktionen. Tauchen Sie ein in die malerische Landschaft des Harzes und lassen Sie sich von der frischen Luft und den zahlreichen Aktivit\u00e4ten begeistern. Ob Sie wandern, radfahren oder schwimmen m\u00f6chten &#8211; in Altenau finden Sie alles, was [&hellip;]<\/p>\n","protected":false},"author":10,"featured_media":0,"parent":0,"menu_order":10,"comment_status":"closed","ping_status":"closed","template":"","meta":{"footnotes":""},"class_list":["post-2190","page","type-page","status-publish","hentry"],"_links":{"self":[{"href":"https:\/\/www.altenau.info\/index.php?rest_route=\/wp\/v2\/pages\/2190","targetHints":{"allow":["GET"]}}],"collection":[{"href":"https:\/\/www.altenau.info\/index.php?rest_route=\/wp\/v2\/pages"}],"about":[{"href":"https:\/\/www.altenau.info\/index.php?rest_route=\/wp\/v2\/types\/page"}],"author":[{"embeddable":true,"href":"https:\/\/www.altenau.info\/index.php?rest_route=\/wp\/v2\/users\/10"}],"replies":[{"embeddable":true,"href":"https:\/\/www.altenau.info\/index.php?rest_route=%2Fwp%2Fv2%2Fcomments&post=2190"}],"version-history":[{"count":28,"href":"https:\/\/www.altenau.info\/index.php?rest_route=\/wp\/v2\/pages\/2190\/revisions"}],"predecessor-version":[{"id":4681,"href":"https:\/\/www.altenau.info\/index.php?rest_route=\/wp\/v2\/pages\/2190\/revisions\/4681"}],"wp:attachment":[{"href":"https:\/\/www.altenau.info\/index.php?rest_route=%2Fwp%2Fv2%2Fmedia&parent=2190"}],"curies":[{"name":"wp","href":"https:\/\/api.w.org\/{rel}","templated":true}]}}